f = -426*f + 279796. What is the hundreds digit of f?
7
Let k = 59263 + -20800. What is the hundreds digit of k?
4
Suppose 13594 = m - 27*k + 20*k, -2*m - 4*k + 27260 = 0. What is the ten thousands digit of m?
1
Suppose -15491 = -779*h + 773*h + 39481. What is the thousands digit of h?
9
Let o = 5009 - 3455. Suppose -3*q = -w + 4*w - o, -w + 518 = 3*q. What is the tens digit of w?
1
Let v(c) = 2*c**3 - 64*c**2 - 84*c - 214. What is the tens digit of v(34)?
5
Suppose 0 = 2*p + 2*b - 21384, 2*p - 21408 = -10*b + 14*b. What is the units digit of p?
6
Let m be 6 - 2 - 8 - -14*1. Suppose -1185 = -m*k + 145. What is the tens digit of k?
3
Suppose 23 = 5*p - 4*p - 4*t, -3*p + 4*t = -29. What is the tens digit of p/(9/(-12141)*-3)?
4
Suppose 5*h + 0*h - 105 = 0. Suppose 0 = -3*r - 75 + h. Let b(o) = -o + 18. What is the tens digit of b(r)?
3
Let j = 53 + 7. Suppose 157 - 10 = -3*x. Let t = x + j. What is the tens digit of t?
1
Let w = 11 - 62. What is the units digit of 2 + w/27 + 10283/117?
8
Let u = -161 - -109. Let c = -49 - u. What is the units digit of (-4 + c + -5)*(-11)/2?
3
Suppose 27*b + 32 = 29*b. Suppose 5*q = 0, 5*r = 7*r - 5*q - b. What is the units digit of r?
8
Suppose -2764 = -c + 2*y, -10*c + 11053 = -6*c - 5*y. What is the thousands digit of c?
2
Suppose -16*d + 28*d = 12300. Let z = d + 402. What is the hundreds digit of z?
4
Let j = -386 - -28672. What is the units digit of j?
6
Let r = -37414 + 76827. What is the tens digit of r?
1
Let f(k) = 20*k**2 + 50*k - 373. What is the hundreds digit of f(10)?
1
Let s = 89 + -86. Suppose s*b - 62 = 49. What is the units digit of b?
7
Let o(l) = 10*l**3 + 9*l**2 - 17*l + 77. What is the thousands digit of o(8)?
5
Let l(u) be the second derivative of 13*u**3/3 + 21*u**2 - 52*u + 1. Let n = -25 - -31. What is the hundreds digit of l(n)?
1
Let a be 1/(-4) - (-4106)/8. Let x = 925 - a. What is the hundreds digit of x?
4
Let m = 87 + -145. Let q = m - -64. Suppose -q*j + 409 = -179. What is the tens digit of j?
9
Suppose -14 + 4 = -5*q. Suppose t + 147 = -4*s, 3*t = s - q*t + 21. Let u = -9 - s. What is the units digit of u?
7
Suppose 44 = 12*f - f. What is the tens digit of (-14824)/(-51) + f/(-6)?
9
Suppose 0 = 23*b - 32934 - 98856. What is the thousands digit of b?
5
Let n(r) = 4*r**2 - 3*r + 2. Let i be n(1). Suppose 3*x = -i, 3*z - x = 150 + 88. Let s = 10 + z. What is the units digit of s?
9
What is the tens digit of -1251345*4/(-420) - (-8)/(-14)?
1
Let z(t) = 2*t**2 - 2*t + 3. Let m be z(2). Suppose m*p - 11*p = -12. Suppose p*q + 4*q - 1743 = 0. What is the units digit of q?
9
Suppose 0 = -5*o + 25, 3*l - 7830 = 3*o - 0*o. What is the thousands digit of l?
2
Let h = -142 - -144. Suppose -393 - 285 = -h*t. What is the hundreds digit of t?
3
Let u(t) = -t**3 - 5*t**2 - 4*t + 2. Let q be u(-4). Let z(p) = 5*p + 3 + 4 + 2*p + p**q + 2. What is the units digit of z(6)?
7
Suppose -5*q - 24*t + 25*t = -56, -2*t = 5*q - 68. Suppose -4537 + 14257 = q*h. What is the tens digit of h?
1
What is the hundreds digit of 6/(-5 + 211074/42213)?
1
Suppose -36166 = -20*g - 6*g. Suppose -1400*s = -g*s - 1881. What is the hundreds digit of s?
2
Let f = 148 - 144. What is the tens digit of 1/f - -5*(-335)/(-20)?
8
Let p be ((-5)/10)/(15/18 + -1). Suppose -p*v = -m - 1936, -3*v = 2*m - 0*m - 1924. Suppose v - 120 = 4*l. What is the hundreds digit of l?
1
Let s(d) = 88*d**2 + 259*d - 7535. What is the ten thousands digit of s(26)?
5
Let d be (-100)/75*(-32 - 3/3). Let o = d + 1200. What is the units digit of o?
4
Suppose 27*g = -5*w + 24*g + 9816, 0 = -3*w + 5*g + 5910. What is the units digit of w?
5
Let o(q) = q**2 + 8*q - 35. Let y be o(-12). Let b(g) = 3*g**2 + 7*g - 37. What is the units digit of b(y)?
1
What is the units digit of 12697*1 + (-93)/(32 + -1)?
4
Suppose 3*i - 345213 - 53802 = -6*i. What is the tens digit of i?
3
Suppose 0 = 37*w + 21*w - 16*w - 129234. What is the tens digit of w?
7
Let x be 88/132 - (-2)/(-3). Suppose 2*i - 788 = -3*d, -2*d + 5*d = x. What is the hundreds digit of i?
3
Suppose 3*l = 5*a + 1517, l + 88*a - 499 = 91*a. What is the units digit of l?
4
Suppose 90*g - 95*g + 6535 = -5*n, -4*n = 4. What is the units digit of g?
6
Let a = -399 - -718. What is the hundreds digit of (-1)/(-1) + a - -7?
3
Suppose -4*v - 2 = 14. Let m(o) = -2*o + 1 - 34*o**3 + 11*o**3 + 9*o**3 - 4*o**2 + 13*o**3. What is the units digit of m(v)?
9
Let p(v) = -2*v - 1. Let i(n) = 4*n**2 + 7*n + 5. Let q be -1 + 5/5 + 1. Let u(g) = q*i(g) - p(g). What is the units digit of u(4)?
6
Let i be -2 - 16/6*-3. Suppose 23*o = i*o + 14059. What is the units digit of o?
7
Suppose 0 = -164*w - 166*w + 332*w - 29402. What is the thousands digit of w?
4
Let t(p) = 1986*p + 36115. What is the units digit of t(0)?
5
Let i = -176 - -386. Let u = i + -177. What is the tens digit of u?
3
Suppose -3*r = -2*r - 4*z + 12, -5*z = -3*r - 8. Suppose 5*u = 3*d + 11, 4*d + 4*u = -0*d - r. What is the tens digit of (-388 + (-3 - -3))/(d*1)?
9
Let f(y) = -704*y - 9221. What is the hundreds digit of f(-83)?
2
Suppose -7*i + 6476 = -15315. What is the hundreds digit of i/7 - (-18)/63?
4
Suppose -3*q + 31 + 4 = 4*d, -2*q = -d - 5. Suppose 2*n + 3*n + 15375 = -q*m, 3*m - n = -9245. What is the units digit of -3 - 21/(-9) - m/21?
6
Let o(g) = 2*g**3 + 49*g**2 - 77*g + 11. Let c be o(-26). What is the tens digit of (-28)/(c/(4425/10))?
2
Let o(a) = 4*a**3 - 7*a**2 + 7*a + 2. Suppose -13*f + 37 = -15. What is the hundreds digit of o(f)?
1
What is the ten thousands digit of 4/(-3)*(768315/(-12) + 1)?
8
Suppose 3*x - r + 78 = 5*x, 0 = -5*x - 5*r + 195. Let g = 44 - x. Suppose 592 = -m + g*m. What is the hundreds digit of m?
1
Suppose -18*y + 7*y = -g + 31236, 0 = 5*g - 4*y - 155925. What is the tens digit of g?
8
Let g(m) = 9*m**2 + 39*m - 6. Let p be g(18). Suppose -4*z + 3*u + p = -z, 1184 = z + 3*u. What is the hundreds digit of z?
1
Suppose 4*v - 2877 = -2*q + v, v = -5*q + 7212. What is the thousands digit of q?
1
Let d(w) = -6*w**2 - 2*w**2 + 11*w**2 + 70*w - w**2 + 1. What is the hundreds digit of d(-42)?
5
Let z = 3189 + -2221. Suppose -13*g + 1307 = -z. What is the tens digit of g?
7
Let t(r) = 94*r**2 - 1. Let b be t(1). Let c(y) = -7 + 0 + 7 - b*y. What is the tens digit of c(-1)?
9
Let d = 40 - 39. Suppose 0 = 2*j + d - 5. Suppose -2*m + 158 = m - j*x, 46 = m - 4*x. What is the tens digit of m?
5
Let c = -291 + 285. Let s(x) = -2*x**3 - 8*x**2 - 8*x - 9. What is the tens digit of s(c)?
8
Suppose 2*r + 5*g - 4*g + 14 = 0, -4*g = 5*r + 38. Let i(d) = -86*d - 32. What is the tens digit of i(r)?
8
Let b(r) = -27*r + 96. Let u be b(4). Let w(c) = c**3 + 18*c**2 + 15*c - 34. What is the units digit of w(u)?
0
Suppose -9*r - 684 = -12*r. Let h = r + -24. What is the units digit of h?
4
Let x(k) = -3*k**2 - 9*k + 81. Let l be x(21). Let y = l + 2037. What is the hundreds digit of y?
6
Suppose -8*d = 21*d - 87. Suppose -d*j + 210 - 69 = 0. What is the units digit of j?
7
Suppose 19 = 5*d - x + 4*x, -5*d - 2*x + 21 = 0. Suppose -4*y = d*c - 6*y - 67, -3*c + 38 = y. Let o = 1 + c. What is the units digit of o?
4
Let l(m) = -m**2 - 16*m - 11. Let i be l(-6). Suppose -2*o + i = -1. What is the units digit of o?
5
Suppose -268 = -3*q - q. Let u(o) = o**2 + 5*o - 142. Let t be u(-17). Let c = q - t. What is the units digit of c?
5
Let j(m) = -547*m**3 - 4*m**2 - 529*m - 2140. What is the hundreds digit of j(-4)?
9
Let d = 56878 + -27060. What is the thousands digit of d?
9
Let l(x) = -7*x + 10. Let r = -7 - -10. Suppose 99 = -4*y + r*p, 4*p = 2*y - 0*p + 62. What is the tens digit of l(y)?
5
Let p(t) = 31*t**2 + 15*t + 31. Let f(v) = 32*v**2 + 16*v + 32. Let n(g) = -3*f(g) + 4*p(g). What is the hundreds digit of n(7)?
4
What is the hundreds digit of (-312)/182 - 384546/(-21)?
3
Let h(o) = -1 + 5 - 5 + 101*o. Let z be h(2). Let t = 425 - z. What is the tens digit of t?
2
Suppose 0 = -10*t - 9276 + 1376. What is the tens digit of 17890/22 - (-7 - t/110)?
1
Suppose 0 = -5*t, u - 68*t - 4657 = -63*t. What is the units digit of u?
7
Let v(a) = -74*a - 21. Let f(o) = -4*o**2. Let w(x) = f(x) + v(x). What is the tens digit of w(-17)?
8
What is the ten thousands digit of 9/((-54)/66) + 25743 - (3 - 1)?
2
Suppose -5*t - 470 = -5*r, -5*t + 284 = -8*